{"id":8891,"date":"2026-02-12T13:19:21","date_gmt":"2026-02-12T12:19:21","guid":{"rendered":"https:\/\/divinshkachocolate.com\/casablanca\/?post_type=product&#038;p=8891"},"modified":"2026-02-12T14:25:46","modified_gmt":"2026-02-12T13:25:46","slug":"coeur-saint-valentin-2","status":"publish","type":"product","link":"https:\/\/divinshkachocolate.com\/casablanca\/product\/coeur-saint-valentin-2\/","title":{"rendered":"C\u0153ur Saint-Valentin chocolat"},"content":{"rendered":"<p>C\u0153ur Saint-Valentin gourmand garni de 550g de chocolat personnalis\u00e9, et des c\u0153urs croustillants et fruit\u00e9s.<\/p>\n","protected":false},"excerpt":{"rendered":"<p>C\u0153ur Saint-Valentin gourmand garni de 550 de chocolat personnalis\u00e9, et des c\u0153urs croustillants et fruit\u00e9s.<\/p>\n","protected":false},"featured_media":8890,"comment_status":"open","ping_status":"closed","template":"","meta":[],"product_cat":[182,66],"product_tag":[186],"_links":{"self":[{"href":"https:\/\/divinshkachocolate.com\/casablanca\/wp-json\/wp\/v2\/product\/8891"}],"collection":[{"href":"https:\/\/divinshkachocolate.com\/casablanca\/wp-json\/wp\/v2\/product"}],"about":[{"href":"https:\/\/divinshkachocolate.com\/casablanca\/wp-json\/wp\/v2\/types\/product"}],"replies":[{"embeddable":true,"href":"https:\/\/divinshkachocolate.com\/casablanca\/wp-json\/wp\/v2\/comments?post=8891"}],"wp:featuredmedia":[{"embeddable":true,"href":"https:\/\/divinshkachocolate.com\/casablanca\/wp-json\/wp\/v2\/media\/8890"}],"wp:attachment":[{"href":"https:\/\/divinshkachocolate.com\/casablanca\/wp-json\/wp\/v2\/media?parent=8891"}],"wp:term":[{"taxonomy":"product_cat","embeddable":true,"href":"https:\/\/divinshkachocolate.com\/casablanca\/wp-json\/wp\/v2\/product_cat?post=8891"},{"taxonomy":"product_tag","embeddable":true,"href":"https:\/\/divinshkachocolate.com\/casablanca\/wp-json\/wp\/v2\/product_tag?post=8891"}],"curies":[{"name":"wp","href":"https:\/\/api.w.org\/{rel}","templated":true}]}}