{"id":8806,"date":"2025-11-16T19:40:11","date_gmt":"2025-11-16T18:40:11","guid":{"rendered":"https:\/\/divinshkachocolate.com\/casablanca\/?post_type=product&#038;p=8806"},"modified":"2025-11-16T19:40:11","modified_gmt":"2025-11-16T18:40:11","slug":"support-gateau-chocolat-le-mirage","status":"publish","type":"product","link":"https:\/\/divinshkachocolate.com\/casablanca\/product\/support-gateau-chocolat-le-mirage\/","title":{"rendered":"Support G\u00e2teau Chocolat Le Mirage"},"content":{"rendered":"<p>Le coupe en m\u00e9tal compos\u00e9e de 550g de chocolats, et confiserie<\/p>\n<p>Plaque personnalisable.<\/p>\n","protected":false},"excerpt":{"rendered":"<p>Le coupe en m\u00e9tal compos\u00e9e de 550g de chocolats, et confiserie.<\/p>\n<p>Plaque personnalisable<\/p>\n<p>Existe en Magenta et bleu nuit<\/p>\n","protected":false},"featured_media":8807,"comment_status":"open","ping_status":"closed","template":"","meta":[],"product_cat":[178,66],"product_tag":[],"_links":{"self":[{"href":"https:\/\/divinshkachocolate.com\/casablanca\/wp-json\/wp\/v2\/product\/8806"}],"collection":[{"href":"https:\/\/divinshkachocolate.com\/casablanca\/wp-json\/wp\/v2\/product"}],"about":[{"href":"https:\/\/divinshkachocolate.com\/casablanca\/wp-json\/wp\/v2\/types\/product"}],"replies":[{"embeddable":true,"href":"https:\/\/divinshkachocolate.com\/casablanca\/wp-json\/wp\/v2\/comments?post=8806"}],"wp:featuredmedia":[{"embeddable":true,"href":"https:\/\/divinshkachocolate.com\/casablanca\/wp-json\/wp\/v2\/media\/8807"}],"wp:attachment":[{"href":"https:\/\/divinshkachocolate.com\/casablanca\/wp-json\/wp\/v2\/media?parent=8806"}],"wp:term":[{"taxonomy":"product_cat","embeddable":true,"href":"https:\/\/divinshkachocolate.com\/casablanca\/wp-json\/wp\/v2\/product_cat?post=8806"},{"taxonomy":"product_tag","embeddable":true,"href":"https:\/\/divinshkachocolate.com\/casablanca\/wp-json\/wp\/v2\/product_tag?post=8806"}],"curies":[{"name":"wp","href":"https:\/\/api.w.org\/{rel}","templated":true}]}}