{"id":8179,"date":"2024-01-26T18:35:06","date_gmt":"2024-01-26T17:35:06","guid":{"rendered":"https:\/\/divinshkachocolate.com\/casablanca\/?post_type=product&#038;p=8179"},"modified":"2024-01-27T11:28:01","modified_gmt":"2024-01-27T10:28:01","slug":"dragees-personnalisees","status":"publish","type":"product","link":"https:\/\/divinshkachocolate.com\/casablanca\/product\/dragees-personnalisees\/","title":{"rendered":"Drag\u00e9es personnalis\u00e9es"},"content":{"rendered":"<p>Drag\u00e9es personnalis\u00e9es pour faire de votre \u00e9v\u00e9nement un souvenir m\u00e9morable.<\/p>\n<p>Envie d&rsquo;un autre design?Laissez-nous un commentaire ou contactez la boutique pour un design plus personnalis\u00e9 au choix, selon votre th\u00e8me et couleurs<\/p>\n","protected":false},"excerpt":{"rendered":"<p>Drag\u00e9es personnalis\u00e9es pour faire de votre \u00e9v\u00e9nement un souvenir m\u00e9morable. Envie d&rsquo;un autre design?Laissez-nous un commentaire ou contactez la boutique [&hellip;]<\/p>\n","protected":false},"featured_media":8180,"comment_status":"open","ping_status":"closed","template":"","meta":[],"product_cat":[159,66,36,46],"product_tag":[],"_links":{"self":[{"href":"https:\/\/divinshkachocolate.com\/casablanca\/wp-json\/wp\/v2\/product\/8179"}],"collection":[{"href":"https:\/\/divinshkachocolate.com\/casablanca\/wp-json\/wp\/v2\/product"}],"about":[{"href":"https:\/\/divinshkachocolate.com\/casablanca\/wp-json\/wp\/v2\/types\/product"}],"replies":[{"embeddable":true,"href":"https:\/\/divinshkachocolate.com\/casablanca\/wp-json\/wp\/v2\/comments?post=8179"}],"wp:featuredmedia":[{"embeddable":true,"href":"https:\/\/divinshkachocolate.com\/casablanca\/wp-json\/wp\/v2\/media\/8180"}],"wp:attachment":[{"href":"https:\/\/divinshkachocolate.com\/casablanca\/wp-json\/wp\/v2\/media?parent=8179"}],"wp:term":[{"taxonomy":"product_cat","embeddable":true,"href":"https:\/\/divinshkachocolate.com\/casablanca\/wp-json\/wp\/v2\/product_cat?post=8179"},{"taxonomy":"product_tag","embeddable":true,"href":"https:\/\/divinshkachocolate.com\/casablanca\/wp-json\/wp\/v2\/product_tag?post=8179"}],"curies":[{"name":"wp","href":"https:\/\/api.w.org\/{rel}","templated":true}]}}