{"id":7493,"date":"2022-07-30T23:31:22","date_gmt":"2022-07-30T22:31:22","guid":{"rendered":"https:\/\/divinshkachocolate.com\/casablanca\/?post_type=product&#038;p=7493"},"modified":"2022-07-30T23:31:22","modified_gmt":"2022-07-30T22:31:22","slug":"bouquet-fiancailles-2","status":"publish","type":"product","link":"https:\/\/divinshkachocolate.com\/casablanca\/product\/bouquet-fiancailles-2\/","title":{"rendered":"Bouquet fian\u00e7ailles"},"content":{"rendered":"<p>Bouquet\u00a0 fian\u00e7ailles<\/p>\n<p>Pour marquer vos fian\u00e7ailles et les c\u00e9l\u00e9brer en beaut\u00e9, vous pourriez opter pour ce magnifique bouquet de fruits enrob\u00e9s de chocolat, adapt\u00e9 pour l\u2019occasion, et personnalisez le avec vos pr\u00e9noms.<\/p>\n<p>Livraison bouquets\u00a0 sur Casablanca, Darbouazza, Bouskoura<\/p>\n","protected":false},"excerpt":{"rendered":"<p>Bouquet fian\u00e7ailles<\/p>\n","protected":false},"featured_media":7494,"comment_status":"open","ping_status":"closed","template":"","meta":[],"product_cat":[92,48,34,36,46],"product_tag":[94],"_links":{"self":[{"href":"https:\/\/divinshkachocolate.com\/casablanca\/wp-json\/wp\/v2\/product\/7493"}],"collection":[{"href":"https:\/\/divinshkachocolate.com\/casablanca\/wp-json\/wp\/v2\/product"}],"about":[{"href":"https:\/\/divinshkachocolate.com\/casablanca\/wp-json\/wp\/v2\/types\/product"}],"replies":[{"embeddable":true,"href":"https:\/\/divinshkachocolate.com\/casablanca\/wp-json\/wp\/v2\/comments?post=7493"}],"wp:featuredmedia":[{"embeddable":true,"href":"https:\/\/divinshkachocolate.com\/casablanca\/wp-json\/wp\/v2\/media\/7494"}],"wp:attachment":[{"href":"https:\/\/divinshkachocolate.com\/casablanca\/wp-json\/wp\/v2\/media?parent=7493"}],"wp:term":[{"taxonomy":"product_cat","embeddable":true,"href":"https:\/\/divinshkachocolate.com\/casablanca\/wp-json\/wp\/v2\/product_cat?post=7493"},{"taxonomy":"product_tag","embeddable":true,"href":"https:\/\/divinshkachocolate.com\/casablanca\/wp-json\/wp\/v2\/product_tag?post=7493"}],"curies":[{"name":"wp","href":"https:\/\/api.w.org\/{rel}","templated":true}]}}