{"id":6706,"date":"2022-05-23T19:57:49","date_gmt":"2022-05-23T18:57:49","guid":{"rendered":"https:\/\/divinshkachocolate.com\/casablanca\/?post_type=product&#038;p=6706"},"modified":"2022-05-28T08:45:10","modified_gmt":"2022-05-28T07:45:10","slug":"cadeau-pour-elle","status":"publish","type":"product","link":"https:\/\/divinshkachocolate.com\/casablanca\/product\/cadeau-pour-elle\/","title":{"rendered":"Cadeau pour elle"},"content":{"rendered":"<p>Cadeau pour elle.<\/p>\n<p>Un bouquet \u00e0 base de fruits enrob\u00e9s de chocolat et de fleurs. dans des tons pastel pour \u00e9gayer la journ\u00e9e d&rsquo;une amie lors de son anniversaire, ou comme un cadeau naissance.<\/p>\n<p>Une attention particuli\u00e8re que vous pourriez lui livrer directement \u00e0 domicile.<\/p>\n<p>Livraison de bouquets sur Casablanca, Darbouazza, Bouskoura<\/p>\n","protected":false},"excerpt":{"rendered":"<p>Cadeau pour elle. Un bouquet \u00e0 base de fruits enrob\u00e9s de chocolat et de fleurs. dans des tons pastel pour [&hellip;]<\/p>\n","protected":false},"featured_media":6707,"comment_status":"open","ping_status":"closed","template":"","meta":[],"product_cat":[92,48,34,36],"product_tag":[82],"_links":{"self":[{"href":"https:\/\/divinshkachocolate.com\/casablanca\/wp-json\/wp\/v2\/product\/6706"}],"collection":[{"href":"https:\/\/divinshkachocolate.com\/casablanca\/wp-json\/wp\/v2\/product"}],"about":[{"href":"https:\/\/divinshkachocolate.com\/casablanca\/wp-json\/wp\/v2\/types\/product"}],"replies":[{"embeddable":true,"href":"https:\/\/divinshkachocolate.com\/casablanca\/wp-json\/wp\/v2\/comments?post=6706"}],"wp:featuredmedia":[{"embeddable":true,"href":"https:\/\/divinshkachocolate.com\/casablanca\/wp-json\/wp\/v2\/media\/6707"}],"wp:attachment":[{"href":"https:\/\/divinshkachocolate.com\/casablanca\/wp-json\/wp\/v2\/media?parent=6706"}],"wp:term":[{"taxonomy":"product_cat","embeddable":true,"href":"https:\/\/divinshkachocolate.com\/casablanca\/wp-json\/wp\/v2\/product_cat?post=6706"},{"taxonomy":"product_tag","embeddable":true,"href":"https:\/\/divinshkachocolate.com\/casablanca\/wp-json\/wp\/v2\/product_tag?post=6706"}],"curies":[{"name":"wp","href":"https:\/\/api.w.org\/{rel}","templated":true}]}}