{"id":6340,"date":"2021-10-23T20:19:11","date_gmt":"2021-10-23T19:19:11","guid":{"rendered":"https:\/\/divinshkachocolate.com\/?post_type=product&#038;p=6340"},"modified":"2025-02-10T18:21:46","modified_gmt":"2025-02-10T17:21:46","slug":"assortiment-25-fraises-enrobees-de-chocolat","status":"publish","type":"product","link":"https:\/\/divinshkachocolate.com\/casablanca\/product\/assortiment-25-fraises-enrobees-de-chocolat\/","title":{"rendered":"Assortiment 25 fraises enrob\u00e9es de chocolat"},"content":{"rendered":"<p>Assortiment de 25 fraises enrob\u00e9es de chocolat pour une r\u00e9ception, ou pour offrir.<\/p>\n<p>Livraison gratuite et dans les 2h, sur Casablanca, Darbouazza, Bouskoura.<\/p>\n","protected":false},"excerpt":{"rendered":"<p>Assortiment de 25 fraises enrob\u00e9es de chocolat pour une r\u00e9ception, ou pour offrir.<\/p>\n","protected":false},"featured_media":6395,"comment_status":"open","ping_status":"closed","template":"","meta":[],"product_cat":[157,46],"product_tag":[],"_links":{"self":[{"href":"https:\/\/divinshkachocolate.com\/casablanca\/wp-json\/wp\/v2\/product\/6340"}],"collection":[{"href":"https:\/\/divinshkachocolate.com\/casablanca\/wp-json\/wp\/v2\/product"}],"about":[{"href":"https:\/\/divinshkachocolate.com\/casablanca\/wp-json\/wp\/v2\/types\/product"}],"replies":[{"embeddable":true,"href":"https:\/\/divinshkachocolate.com\/casablanca\/wp-json\/wp\/v2\/comments?post=6340"}],"wp:featuredmedia":[{"embeddable":true,"href":"https:\/\/divinshkachocolate.com\/casablanca\/wp-json\/wp\/v2\/media\/6395"}],"wp:attachment":[{"href":"https:\/\/divinshkachocolate.com\/casablanca\/wp-json\/wp\/v2\/media?parent=6340"}],"wp:term":[{"taxonomy":"product_cat","embeddable":true,"href":"https:\/\/divinshkachocolate.com\/casablanca\/wp-json\/wp\/v2\/product_cat?post=6340"},{"taxonomy":"product_tag","embeddable":true,"href":"https:\/\/divinshkachocolate.com\/casablanca\/wp-json\/wp\/v2\/product_tag?post=6340"}],"curies":[{"name":"wp","href":"https:\/\/api.w.org\/{rel}","templated":true}]}}