{"id":3947,"date":"2021-01-08T23:01:28","date_gmt":"2021-01-08T23:01:28","guid":{"rendered":"https:\/\/divinshkachocolate.com\/?post_type=product&#038;p=3947"},"modified":"2023-02-17T17:30:05","modified_gmt":"2023-02-17T16:30:05","slug":"bouquets-fruitschocolat-5","status":"publish","type":"product","link":"https:\/\/divinshkachocolate.com\/casablanca\/product\/bouquets-fruitschocolat-5\/","title":{"rendered":"Bouquet fruits enrob\u00e9s de chocolat"},"content":{"rendered":"<p>Bouquet fruits enrob\u00e9s de chocolat.<\/p>\n<p>Id\u00e9al pour un cadeau anniversaire, naissance, r\u00e9ception, fian\u00e7ailles&#8230;etc, ou simplement pour faire ou se faire plaisir.<\/p>\n","protected":false},"excerpt":{"rendered":"<p>Bouquet\u00a0 fruits enrob\u00e9s de chocolat au lait, fleurs, et macarons.<\/p>\n<p>Id\u00e9al pour un cadeau anniversaire, naissance, ou simplement pour faire ou se faire plaisir.<\/p>\n<p>Livraison disponible sur Casablanca, Darbouazza, Bouskoura, Mohamm\u00e9dia, Rabat.<\/p>\n","protected":false},"featured_media":3948,"comment_status":"open","ping_status":"closed","template":"","meta":[],"product_cat":[48],"product_tag":[],"_links":{"self":[{"href":"https:\/\/divinshkachocolate.com\/casablanca\/wp-json\/wp\/v2\/product\/3947"}],"collection":[{"href":"https:\/\/divinshkachocolate.com\/casablanca\/wp-json\/wp\/v2\/product"}],"about":[{"href":"https:\/\/divinshkachocolate.com\/casablanca\/wp-json\/wp\/v2\/types\/product"}],"replies":[{"embeddable":true,"href":"https:\/\/divinshkachocolate.com\/casablanca\/wp-json\/wp\/v2\/comments?post=3947"}],"wp:featuredmedia":[{"embeddable":true,"href":"https:\/\/divinshkachocolate.com\/casablanca\/wp-json\/wp\/v2\/media\/3948"}],"wp:attachment":[{"href":"https:\/\/divinshkachocolate.com\/casablanca\/wp-json\/wp\/v2\/media?parent=3947"}],"wp:term":[{"taxonomy":"product_cat","embeddable":true,"href":"https:\/\/divinshkachocolate.com\/casablanca\/wp-json\/wp\/v2\/product_cat?post=3947"},{"taxonomy":"product_tag","embeddable":true,"href":"https:\/\/divinshkachocolate.com\/casablanca\/wp-json\/wp\/v2\/product_tag?post=3947"}],"curies":[{"name":"wp","href":"https:\/\/api.w.org\/{rel}","templated":true}]}}